{"id":2984,"date":"2024-09-13T14:55:07","date_gmt":"2024-09-13T12:55:07","guid":{"rendered":"https:\/\/www.ancravigliano.it\/?post_type=knowledgebase&#038;p=2984"},"modified":"2024-09-13T15:05:29","modified_gmt":"2024-09-13T13:05:29","slug":"storia-dellancr","status":"publish","type":"knowledgebase","link":"https:\/\/www.ancravigliano.it\/index.php\/contenuti\/storia-e-personaggi-locali-e-regionali\/storia-dellassociazione\/storia-dellancr\/","title":{"rendered":"Storia dell&#8217;ANCR"},"content":{"rendered":"\t\t<div data-elementor-type=\"wp-post\" data-elementor-id=\"2984\" class=\"elementor elementor-2984\">\n\t\t\t\t<div class=\"elementor-element elementor-element-d74d16b e-flex e-con-boxed e-con e-parent\" data-id=\"d74d16b\" data-element_type=\"container\" data-e-type=\"container\">\n\t\t\t\t\t<div class=\"e-con-inner\">\n\t\t\t\t<div class=\"elementor-element elementor-element-34ece12 elementor-widget elementor-widget-image\" data-id=\"34ece12\" data-element_type=\"widget\" data-e-type=\"widget\" data-widget_type=\"image.default\">\n\t\t\t\t<div class=\"elementor-widget-container\">\n\t\t\t\t\t\t\t\t\t\t\t\t\t\t\t<img fetchpriority=\"high\" decoding=\"async\" width=\"1024\" height=\"335\" src=\"https:\/\/www.ancravigliano.it\/wp-content\/uploads\/2024\/09\/ANCR-storica-1024x335.jpeg\" class=\"attachment-large size-large wp-image-2993\" alt=\"\" srcset=\"https:\/\/www.ancravigliano.it\/wp-content\/uploads\/2024\/09\/ANCR-storica-1024x335.jpeg 1024w, https:\/\/www.ancravigliano.it\/wp-content\/uploads\/2024\/09\/ANCR-storica-300x98.jpeg 300w, https:\/\/www.ancravigliano.it\/wp-content\/uploads\/2024\/09\/ANCR-storica-768x252.jpeg 768w, https:\/\/www.ancravigliano.it\/wp-content\/uploads\/2024\/09\/ANCR-storica.jpeg 1270w\" sizes=\"(max-width: 1024px) 100vw, 1024px\" \/>\t\t\t\t\t\t\t\t\t\t\t\t\t\t\t<\/div>\n\t\t\t\t<\/div>\n\t\t\t\t<div class=\"elementor-element elementor-element-4d9fe55 elementor-widget elementor-widget-text-editor\" data-id=\"4d9fe55\" data-element_type=\"widget\" data-e-type=\"widget\" data-widget_type=\"text-editor.default\">\n\t\t\t\t<div class=\"elementor-widget-container\">\n\t\t\t\t\t\t\t\t\t<h1><strong>Associazione nazionale combattenti e reduci &#8211; ANCR, 1918<\/strong><\/h1><p><br \/><strong>Denominazioni:<\/strong><\/p><p>Associazione nazionale combattenti &#8211; ANC, 1918 &#8211; 1947<\/p><p>Associazione nazionale combattenti e reduci &#8211; ANCR, 1947\u00a0 <\/p><p><br \/>L&#8217;Associazione nazionale combattenti venne fondata a Roma il 4 novembre 1918, assumendo in breve tempo una notevole importanza per il numero degli aderenti e per i problemi che da essa furono agitati. La legge del 19 aprile 1923, n. 850, affid\u00f2 all&#8217;Associazione la rappresentanza degli interessi morali e materiali dei reduci e la loro tutela presso il Governo e presso l&#8217;Opera nazionale combattenti. Il successivo regio decreto 24 giugno 1923, n. 1371, la eresse in ente morale avente personalit\u00e0 giuridica di diritto pubblico; con lo stesso decreto ne venne approvato lo statuto organico.<br \/>Nel 1947 l&#8217;Associazione nazionale combattenti si fuse con l&#8217;Associazione nazionale reduci dalla prigionia, assumendo la nuova denominazione di Associazione nazionale combattenti e reduci.<br \/>In seguito all&#8217;emanazione del d.P.R. 24 luglio 1977, n. 616, attuativo della legge 22 luglio 1975, n. 382 sull&#8217;ordinamento regionale e sull&#8217;organizzazione della pubblica amministrazione, l&#8217;Associazione fu inserita al punto 38 della &#8220;tabella B&#8221;, allegata al suddetto d.p.r., il cui art. 115 precisava che &#8220;gli enti di cui all&#8217;allegata tabella B, che abbiano una struttura associativa, continuano a sussistere come enti morali assumendo la personalit\u00e0 giuridica di diritto privato con il decreto del Presidente della Repubblica emanato ai sensi dell&#8217;articolo precedente e ad essi individualmente relativo. Essi conservano la titolarit\u00e0 dei beni necessari allo svolgimento delle attivit\u00e0 associative, nonch\u00e9 di quelle derivanti da atti di liberalit\u00e0 o contributi degli associati&#8221;.<br \/><br \/>Con i successivi d.P.R. 30 settembre 1982, n. 811 e 10 marzo 1986, n. 127, vennero approvati due testi dello statuto associativo. In particolare, l&#8217;ultimo, risultante dalle deliberazioni del congresso nazionale del 13 ottobre 1984 e del consiglio direttivo centrale del 4 ottobre 1985, ne deline\u00f2 gli obiettivi e l&#8217;organizzazione odierni.<br \/>L&#8217;Associazione si pone quale soggetto di rappresentanza degli interessi materiali e morali dei combattenti e reduci iscritti. E&#8217; territorialmente organizzata in federazioni provinciali e in sezioni, dispone di organi centrali e di organi periferici, previsti dall&#8217;art. 20 dello statuto.<br \/>Per quanto riguarda le sezioni, esse possono essere costituite in ogni comune, o frazione di comune, purch\u00e9 a formarla concorrano almeno quindici soci. Ogni sezione ha autonomia organizzativa e di gestione e svolge la propria attivit\u00e0 nell&#8217;interesse dei combattenti e dei reduci della rispettiva circoscrizione territoriale nei limiti dello statuto e in armonia con le direttive degli organi centrali e provinciali.<br \/>Gli organi istituzionali di ogni sezione sono quattro:<br \/>&#8211; l&#8217;assemblea di sezione, costituita da tutti i soci;<br \/>&#8211; il presidente di sezione, che ne ha la rappresentanza e ne firma gli atti ufficiali;<br \/>&#8211; il consiglio direttivo di sezione, con compiti esecutivi e di gestione;<br \/>&#8211; il collegio dei sindaci della sezione, con compiti di controllo della gestione economico-finanziaria.<br \/>Gi organi esecutivi e di controllo sono rinnovati, di norma, ogni tre anni. Ogni assemblea di sezione pu\u00f2 inoltre eleggere a vita un presidente onorario, scelto fra i soci che &#8220;hanno servito la Sezione con impegno e alto senso di responsabilit\u00e0&#8221;.<\/p><p>\u00a0<\/p>\t\t\t\t\t\t\t\t<\/div>\n\t\t\t\t<\/div>\n\t\t<div class=\"elementor-element elementor-element-8097708 e-con-full e-flex e-con e-child\" data-id=\"8097708\" data-element_type=\"container\" data-e-type=\"container\">\n\t\t\t\t<div class=\"elementor-element elementor-element-c9f6e23 elementor-widget elementor-widget-rtw-pdf-generator-addon\" data-id=\"c9f6e23\" data-element_type=\"widget\" data-e-type=\"widget\" data-widget_type=\"rtw-pdf-generator-addon.default\">\n\t\t\t\t<div class=\"elementor-widget-container\">\n\t\t\t\t\t<div class=\"rtw_pgaepb_main\">\r\n\t\t\t<a style=\"cursor:pointer;\" target=\"_blank\" rel=\"noindex,nofollow\" \r\n\t\t\tdata-post_url=\"https:\/\/www.ancravigliano.it\/index.php\/contenuti\/storia-e-personaggi-locali-e-regionali\/storia-dellassociazione\/storia-dellancr\/?generate_pdf=true\" \r\n\t\t\tdata-post_id=\"2984\" \r\n\t\t\tdata-pdf_cache=\"1\" \r\n\t\t\tdata-pdf_class=\"\" \r\n\t\t\tdata-pdf_id=\"\" \r\n\t\t\ttitle=\"Download PDF\" class=\"rtwwpge_pdf_button\">\r\n\t\t\t\t\r\n\t\t\t\t<img alt=\"Download PDF\" \r\n\t\t\t\t\tsrc=\"https:\/\/www.ancravigliano.it\/wp-content\/plugins\/pdf-generator-addon-for-elementor-page-builder\/\/public\/images\/pdf_down_icon.png\" \r\n\t\t\t\t\twidth=\"64\" \r\n\t\t\t\t\theight=\"64\">\r\n\t\t\t<\/a>\r\n\t\t\t<img decoding=\"async\" src=\"https:\/\/www.ancravigliano.it\/wp-content\/plugins\/pdf-generator-addon-for-elementor-page-builder\/\/public\/images\/spinner.gif\" class=\"rtwwpge_pdf_gif\">\r\n\t\t<\/div>\t\t\t\t<\/div>\n\t\t\t\t<\/div>\n\t\t\t\t<\/div>\n\t\t\t\t\t<\/div>\n\t\t\t\t<\/div>\n\t\t\t\t<\/div>\n\t\t","protected":false},"excerpt":{"rendered":"<p>Associazione nazionale combattenti e reduci &#8211; ANCR, 1918 Denominazioni: Associazione nazionale combattenti &#8211; ANC, 1918 &#8211; 1947 Associazione nazionale combattenti e reduci &#8211; ANCR, 1947\u00a0 L&#8217;Associazione nazionale combattenti venne fondata a Roma il 4 novembre 1918, assumendo in breve tempo una notevole importanza per il numero degli aderenti e per i problemi che da essa [&hellip;]<\/p>\n","protected":false},"author":1,"featured_media":2993,"comment_status":"closed","ping_status":"open","template":"","knowledgebase_cat":[82],"class_list":["post-2984","knowledgebase","type-knowledgebase","status-publish","has-post-thumbnail","hentry","knowledgebase_cat-storia-dellassociazione"],"blocksy_meta":[],"jetpack_sharing_enabled":true,"jetpack_likes_enabled":true,"_links":{"self":[{"href":"https:\/\/www.ancravigliano.it\/index.php\/wp-json\/wp\/v2\/knowledgebase\/2984","targetHints":{"allow":["GET"]}}],"collection":[{"href":"https:\/\/www.ancravigliano.it\/index.php\/wp-json\/wp\/v2\/knowledgebase"}],"about":[{"href":"https:\/\/www.ancravigliano.it\/index.php\/wp-json\/wp\/v2\/types\/knowledgebase"}],"author":[{"embeddable":true,"href":"https:\/\/www.ancravigliano.it\/index.php\/wp-json\/wp\/v2\/users\/1"}],"replies":[{"embeddable":true,"href":"https:\/\/www.ancravigliano.it\/index.php\/wp-json\/wp\/v2\/comments?post=2984"}],"version-history":[{"count":10,"href":"https:\/\/www.ancravigliano.it\/index.php\/wp-json\/wp\/v2\/knowledgebase\/2984\/revisions"}],"predecessor-version":[{"id":2996,"href":"https:\/\/www.ancravigliano.it\/index.php\/wp-json\/wp\/v2\/knowledgebase\/2984\/revisions\/2996"}],"wp:featuredmedia":[{"embeddable":true,"href":"https:\/\/www.ancravigliano.it\/index.php\/wp-json\/wp\/v2\/media\/2993"}],"wp:attachment":[{"href":"https:\/\/www.ancravigliano.it\/index.php\/wp-json\/wp\/v2\/media?parent=2984"}],"wp:term":[{"taxonomy":"knowledgebase_cat","embeddable":true,"href":"https:\/\/www.ancravigliano.it\/index.php\/wp-json\/wp\/v2\/knowledgebase_cat?post=2984"}],"curies":[{"name":"wp","href":"https:\/\/api.w.org\/{rel}","templated":true}]}}

<div data-elementor-type="wp-post" data-elementor-id="2984" class="elementor elementor-2984">
				<div class="elementor-element elementor-element-d74d16b e-flex e-con-boxed e-con e-parent" data-id="d74d16b" data-element_type="container" data-e-type="container">
					<div class="e-con-inner">
				<div class="elementor-element elementor-element-34ece12 elementor-widget elementor-widget-image" data-id="34ece12" data-element_type="widget" data-e-type="widget" data-widget_type="image.default">
				<div class="elementor-widget-container">
															<img fetchpriority="high" decoding="async" width="1024" height="335" src="https://www.ancravigliano.it/wp-content/uploads/2024/09/ANCR-storica-1024x335.jpeg" class="attachment-large size-large wp-image-2993" alt="" srcset="https://www.ancravigliano.it/wp-content/uploads/2024/09/ANCR-storica-1024x335.jpeg 1024w, https://www.ancravigliano.it/wp-content/uploads/2024/09/ANCR-storica-300x98.jpeg 300w, https://www.ancravigliano.it/wp-content/uploads/2024/09/ANCR-storica-768x252.jpeg 768w, https://www.ancravigliano.it/wp-content/uploads/2024/09/ANCR-storica.jpeg 1270w" sizes="(max-width: 1024px) 100vw, 1024px" />															</div>
				</div>
				<div class="elementor-element elementor-element-4d9fe55 elementor-widget elementor-widget-text-editor" data-id="4d9fe55" data-element_type="widget" data-e-type="widget" data-widget_type="text-editor.default">
				<div class="elementor-widget-container">
									<h1><strong>Associazione nazionale combattenti e reduci &#8211; ANCR, 1918</strong></h1><p><br /><strong>Denominazioni:</strong></p><p>Associazione nazionale combattenti &#8211; ANC, 1918 &#8211; 1947</p><p>Associazione nazionale combattenti e reduci &#8211; ANCR, 1947  </p><p><br />L&#8217;Associazione nazionale combattenti venne fondata a Roma il 4 novembre 1918, assumendo in breve tempo una notevole importanza per il numero degli aderenti e per i problemi che da essa furono agitati. La legge del 19 aprile 1923, n. 850, affidò all&#8217;Associazione la rappresentanza degli interessi morali e materiali dei reduci e la loro tutela presso il Governo e presso l&#8217;Opera nazionale combattenti. Il successivo regio decreto 24 giugno 1923, n. 1371, la eresse in ente morale avente personalità giuridica di diritto pubblico; con lo stesso decreto ne venne approvato lo statuto organico.<br />Nel 1947 l&#8217;Associazione nazionale combattenti si fuse con l&#8217;Associazione nazionale reduci dalla prigionia, assumendo la nuova denominazione di Associazione nazionale combattenti e reduci.<br />In seguito all&#8217;emanazione del d.P.R. 24 luglio 1977, n. 616, attuativo della legge 22 luglio 1975, n. 382 sull&#8217;ordinamento regionale e sull&#8217;organizzazione della pubblica amministrazione, l&#8217;Associazione fu inserita al punto 38 della &#8220;tabella B&#8221;, allegata al suddetto d.p.r., il cui art. 115 precisava che &#8220;gli enti di cui all&#8217;allegata tabella B, che abbiano una struttura associativa, continuano a sussistere come enti morali assumendo la personalità giuridica di diritto privato con il decreto del Presidente della Repubblica emanato ai sensi dell&#8217;articolo precedente e ad essi individualmente relativo. Essi conservano la titolarità dei beni necessari allo svolgimento delle attività associative, nonché di quelle derivanti da atti di liberalità o contributi degli associati&#8221;.<br /><br />Con i successivi d.P.R. 30 settembre 1982, n. 811 e 10 marzo 1986, n. 127, vennero approvati due testi dello statuto associativo. In particolare, l&#8217;ultimo, risultante dalle deliberazioni del congresso nazionale del 13 ottobre 1984 e del consiglio direttivo centrale del 4 ottobre 1985, ne delineò gli obiettivi e l&#8217;organizzazione odierni.<br />L&#8217;Associazione si pone quale soggetto di rappresentanza degli interessi materiali e morali dei combattenti e reduci iscritti. E&#8217; territorialmente organizzata in federazioni provinciali e in sezioni, dispone di organi centrali e di organi periferici, previsti dall&#8217;art. 20 dello statuto.<br />Per quanto riguarda le sezioni, esse possono essere costituite in ogni comune, o frazione di comune, purché a formarla concorrano almeno quindici soci. Ogni sezione ha autonomia organizzativa e di gestione e svolge la propria attività nell&#8217;interesse dei combattenti e dei reduci della rispettiva circoscrizione territoriale nei limiti dello statuto e in armonia con le direttive degli organi centrali e provinciali.<br />Gli organi istituzionali di ogni sezione sono quattro:<br />&#8211; l&#8217;assemblea di sezione, costituita da tutti i soci;<br />&#8211; il presidente di sezione, che ne ha la rappresentanza e ne firma gli atti ufficiali;<br />&#8211; il consiglio direttivo di sezione, con compiti esecutivi e di gestione;<br />&#8211; il collegio dei sindaci della sezione, con compiti di controllo della gestione economico-finanziaria.<br />Gi organi esecutivi e di controllo sono rinnovati, di norma, ogni tre anni. Ogni assemblea di sezione può inoltre eleggere a vita un presidente onorario, scelto fra i soci che &#8220;hanno servito la Sezione con impegno e alto senso di responsabilità&#8221;.</p><p> </p>								</div>
				</div>
		<div class="elementor-element elementor-element-8097708 e-con-full e-flex e-con e-child" data-id="8097708" data-element_type="container" data-e-type="container">
				<div class="elementor-element elementor-element-c9f6e23 elementor-widget elementor-widget-rtw-pdf-generator-addon" data-id="c9f6e23" data-element_type="widget" data-e-type="widget" data-widget_type="rtw-pdf-generator-addon.default">
				<div class="elementor-widget-container">
					<div class="rtw_pgaepb_main">
			<a style="cursor:pointer;" target="_blank" rel="noindex,nofollow" 
			data-post_url="https://www.ancravigliano.it/index.php/contenuti/storia-e-personaggi-locali-e-regionali/storia-dellassociazione/storia-dellancr/?generate_pdf=true" 
			data-post_id="2984" 
			data-pdf_cache="1" 
			data-pdf_class="" 
			data-pdf_id="" 
			title="Download PDF" class="rtwwpge_pdf_button">
				
				<img alt="Download PDF" 
					src="https://www.ancravigliano.it/wp-content/plugins/pdf-generator-addon-for-elementor-page-builder//public/images/pdf_down_icon.png" 
					width="64" 
					height="64">
			</a>
			<img decoding="async" src="https://www.ancravigliano.it/wp-content/plugins/pdf-generator-addon-for-elementor-page-builder//public/images/spinner.gif" class="rtwwpge_pdf_gif">
		</div>				</div>
				</div>
				</div>
					</div>
				</div>
				</div>
